))/(-2 - (-298)/152) is divided by 5.
3
Suppose -t - 12 = -6*l + l, 5*t - 44 = -l. Calculate the remainder when 68 is divided by t.
4
Let z(f) = 146*f - 4032. What is the remainder when 118 is divided by z(28)?
6
Let c(o) = 249*o - 5678. Calculate the remainder when 12102 is divided by c(23).
48
Let q = -783 + 1541. Let y = -188 + q. Calculate the remainder when y is divided by 22.
20
Let x(q) be the first derivative of 20*q**3/3 + 61*q**2/2 + 342. What is the remainder when x(-6) is divided by 51?
48
Suppose -15*v + 6426 = -2469. Let x = v - 585. What is the remainder when 38 is divided by x?
6
Let d be 60 - ((-2 - -1) + -3). Let l = -17 + d. Calculate the remainder when l is divided by 7.
5
Suppose 585*x - 589*x - 6 = -3*a, -2*x - 2*a = -18. What is the remainder when 764 is divided by x?
2
Let w be (-11)/(-22) + (-22)/4. Let n(q) = q**2 + q + 43. What is the remainder when n(w) is divided by (-1 - 0)*8*-2?
15
Let x(b) = 3*b**2 - b**2 - 678*b - b**2 + 654*b + 123. What is the remainder when 193 is divided by x(6)?
13
Let j(s) = 2*s**2 - 12*s + 12. Suppose r + u - 31 = 110, -4*r + 4*u = -604. What is the remainder when j(9) is divided by r/8 - (-2)/(-3 - 5)?
12
Let z(w) = 2*w**2 + 102*w + 1071. What is the remainder when 816 is divided by z(-37)?
11
What is the remainder when (-28)/3*27/(-6) is divided by 268/10 - 180/100?
17
Suppose 142*x - 1009 = 837. Calculate the remainder when 881 is divided by x.
10
Let u = -7 - -20. Suppose 8*n - 924 = -4*n. Suppose 0 = -n*v + 801 + 2587. What is the remainder when v is divided by u?
5
Let o = 984 - 980. Let m(c) = -c - 2. Let z be m(-5). Suppose -z*x + 0*x + 27 = 0. What is the remainder when x is divided by o?
1
Let y(p) = -p**3 + 16*p**2 + 70*p - 177. What is the remainder when 196 is divided by y(19)?
56
Let y be -1*(2 - (1 + 12)). Suppose -5*r = i - 65, -5*i = -r + 2*r + y. Calculate the remainder when 0 - -2 - (5 + 56/(-2)) is divided by r.
11
Let o = 765 - 496. Let m = o - 258. Calculate the remainder when 20 is divided by m.
9
Suppose -m = 4*m - 230. Suppose 5*z + 114 = x, -111 = 4*z - 127. Calculate the remainder when x is divided by m.
42
Suppose -12*t = 4*t - 48. Suppose t*u - 260 = -5*h, -3*u + 5*h = u - 405. Calculate the remainder when u is divided by 17.
10
Suppose -47 = -5*b + 4*n, -5*n = -3*b - 6*n + 35. Suppose -48 = -b*s + 3*s. What is the remainder when 9 is divided by ((-250)/75)/((-4)/s)?
4
Let d = 265 + -214. Suppose -d - 352 = -13*j. What is the remainder when 245 is divided by j?
28
Let v(x) = 3*x - 34. Let l be v(16). Let j be (-178)/l - 6/21. Let q(a) = -a**3 - 11*a**2 + 19*a + 7. Calculate the remainder when q(j) is divided by 20.
18
Let j(x) = -5*x - 24. Let z(p) = -6*p - 25. Let b(q) = 3*j(q) - 2*z(q). Suppose -528 = -8*g + 56*g. Calculate the remainder when 19 is divided by b(g).
8
Let k(z) = 71*z**2 + 2*z. Let j = -562 - -574. Let x(f) = f**3 - 5*f**2 - 81*f + 11. Calculate the remainder when k(-2) is divided by x(j).
45
What is the remainder when (-2 - 30/(-9))*(-3141)/(-6) is divided by 20?
18
Suppose 5983 = 20*i + 13*i - 584. What is the remainder when 1191 is divided by i?
196
Let w(s) = s**2 - 3*s + 50. Calculate the remainder when w(10) is divided by 31.
27
Let n(w) = 3*w + 16. Let m(j) = -4*j - 17. Let f(g) = -4*m(g) - 5*n(g). Calculate the remainder when 22 is divided by f(18).
4
Let l(j) = -6*j**2 + 94*j + 52. Calculate the remainder when l(12) is divided by 78.
4
Let g(i) = i**2 + 21*i + 41. Suppose s + 16 = -5*y + 2*y, -y = -1. Let f(o) = -o + 5. Calculate the remainder when f(0) is divided by g(s).
2
Let k(f) = -13*f - 1. Calculate the remainder when k(-9) is divided by 7.
4
Let p = -30559 - -30582. What is the remainder when 2404 is divided by p?
12
Suppose -t = -2*p - 34, -4*p - 3*t - 65 - 13 = 0. What is the remainder when 21 is divided by (-1600)/(-180) + (-2)/p?
3
Let w be 0 + -2*3/(-2). Suppose -p = v - 6*v + 20, -w*v + 3*p = 0. Suppose -2*y = 3*b - 27, v*y + 9 = 2*b - b. Calculate the remainder when 26 is divided by b.
8
Let j = 439 - 442. Let u(o) = 3*o**2 + 12*o + 23. What is the remainder when 54 is divided by u(j)?
12
Suppose 40 = 3*o - 242. Suppose 885*q - 9195 - 20010 = 0. What is the remainder when o is divided by q?
28
Let l = 21 - -6. Let n be (-6)/l - 4083/(-27). Let q = -47 + n. Calculate the remainder when q is divided by 35.
34
Suppose u + 4*n = -4*u + 26, -2*u - 4*n + 8 = 0. What is the remainder when 30 is divided by 2/u - (434/(-3))/7?
9
Let w be (320/(-200))/(8/(-70)). Let o = 33 - w. Calculate the remainder when 75 is divided by o.
18
Suppose -63*n + m - 116 = -65*n, 2*m = -3*n + 176. Calculate the remainder when 727 is divided by n.
55
Let u(z) = -5*z - 96. Let s be u(-15). Let f(m) = -m**2 - 25*m - 73. Calculate the remainder when 40 is divided by f(s).
7
Let r = 4021 + -3978. Let p(b) = b**2 + 5*b - 13. What is the remainder when r is divided by p(-10)?
6
Let g(o) = -o**2 + 7*o - 10. Let z be g(4). Suppose 5 = 5*w + 5*b, -b - z = b. What is the remainder when w is divided by 1?
0
Let j(y) = -y**3 - 4*y**2 + y + 3. Suppose 0 = -2*x + 67 + 61. Let i = 59 - x. What is the remainder when 67 is divided by j(i)?
21
Suppose -5*f - 5 = 0, -3*f + 63 = v - 69. Let z = 238 - v. What is the remainder when z is divided by (-104)/(-3) - (-1)/3?
33
Suppose 0 = -4*f + 4*q, -24 = -2*f - 2*q - 4. Suppose -5*n + 65 = -3*n - 3*k, 97 = 3*n - f*k. Calculate the remainder when 61 is divided by n.
27
Let v = 363 + -379. Calculate the remainder when 83*(1 + -5)*4/v is divided by 17.
15
Suppose 1106 = n + 5*x, -5*x + 2272 = 2*n - 7*x. Suppose -521 = -28*f + n. What is the remainder when f is divided by 15?
14
Let u(w) be the first derivative of 11*w**2/2 + 11*w - 40. Let p be u(-11). Let t = p + 147. What is the remainder when 71 is divided by t?
34
Suppose 0 = -13*x + 12*x - 5*i + 45, -18*i = 2*x - 66. Calculate the remainder when 828 is divided by x.
48
Suppose 0 = 108*g - 177*g + 33120. Calculate the remainder when g is divided by 121.
117
Let s(h) = -13 - 13*h - 25*h - 14*h**2 - 2*h**3 + 10*h - 17 + h**3. Calculate the remainder when 249 is divided by s(-12).
15
Let h(q) = q**2 - 12*q - 129. Let j = -49 + 94. Suppose 0 = -5*g + 3*g - f + j, g - 2*f = 25. What is the remainder when h(21) is divided by g?
14
Let a = 5426 - 5390. Calculate the remainder when 8057 is divided by a.
29
Let i = 3139 - 3208. Let g be 4/14 + (-858)/14. Let y = g - i. Calculate the remainder when 37 is divided by y.
5
Let r = 10949 - 10844. Calculate the remainder when 1320 is divided by r.
60
Let r be -1 + (4 - 4) + -2. Calculate the remainder when 20 is divided by 88/22 - (-3)/(r/(-4)).
4
Let n(w) be the third derivative of -w**6/60 - w**5/6 + 7*w**4/24 + 13*w**3/3 + 3*w**2 + 2. Calculate the remainder when 221 is divided by n(-6).
53
Let d = 8417 + -8203. Calculate the remainder when 1060 is divided by d.
204
What is the remainder when 126 is divided by 12 + 24 + 8 + -12?
30
Let d(m) = -3378*m - 2 + 6780*m - 22 - 3391*m. Let o be (-38)/(-9) + 4/(-18). What is the remainder when 55 is divided by d(o)?
15
Let w(x) = 2*x**3 + 47*x**2 + 21*x + 67. Calculate the remainder when w(-22) is divided by 524.
9
Let p(f) = 11*f + 13. Calculate the remainder when p(13) is divided by 58*((-2)/(-4))/1.
11
Calculate the remainder when (24429/958)/((-3)/(-34)) is divided by 73.
70
Let u = 23 + -13. Suppose -5*k = 3*s - 4*s - 16, 2*k - 4*s = -8. Suppose k*y = -2*m + 226, 294 = 5*y - m - 6. Calculate the remainder when y is divided by u.
9
Let u be (133 - 1)*4/(-6 - -18). What is the remainder when 193 is divided by 5 - u/(2 - (-6)/(-2))?
46
Suppose 0*k + 3*k - 4*f - 94 = 0, -3*k = -f - 91. Suppose -9*x + k - 3 = 0. Calculate the remainder when 1*(-2)/(-4)*14 is divided by x.
1
Let b = -3256 + 3292. What is the remainder when 1219 is divided by b?
31
Suppose 30*w + 58*w - 14105 = -67*w. Calculate the remainder when 4185 is divided by w.
90
Let d be -4 - -65 - (-3 - 3). Suppose 71*q = d*q + 452. What is the remainder when q is divided by 59?
54
Let v(r) = -r**3 + 6*r**2 - 7*r + 4. Let x be v(4). What is the remainder when ((-2)/4)/(x/(-2192)) is divided by -3 + 1 + -1 + (2 - -36)?
32
Let u(l) = -l**3 - 27*l**2 - 44*l + 317. What is the remainder when u(-28) is divided by 14?
9
Let z(j) = 5*j 